{"id":56,"date":"2015-10-08T11:02:43","date_gmt":"2015-10-08T09:02:43","guid":{"rendered":"http:\/\/sdfg.ch\/pc-beggingen\/?page_id=56"},"modified":"2020-03-16T20:54:52","modified_gmt":"2020-03-16T19:54:52","slug":"gallerie","status":"publish","type":"page","link":"https:\/\/pc-beggingen.ch\/index.php\/gallerie\/","title":{"rendered":"Galerie"},"content":{"rendered":"<hr \/>\n<p><strong>Saison 2020<\/strong><\/p>\n<hr \/>\n<p><strong>Saison 2019<\/strong><\/p>\n<p>Absenden 2019<\/p>\n<hr \/>\n<p><strong>Saison 2018<\/strong><\/p>\n<p><a href=\"http:\/\/pc-beggingen.ch\/index.php\/gallerie\/buendner-kantonalschuetzenfest-18\/\">B\u00fcndner Kantonalsch\u00fctzenfest 2018<\/a><br \/><a href=\"http:\/\/pc-beggingen.ch\/index.php\/absenden-2018\/\">Absenden 2018<\/a><\/p>\n<hr \/>\n<p><strong>Saison 2017<\/strong><\/p>\n<p><a href=\"http:\/\/pc-beggingen.ch\/index.php\/berner-kantonalschuetzenfest-17\/\">Berner Kantonalsch\u00fctzenfest 2017<\/a><\/p>\n<hr \/>\n<p><strong>Saison 2016<\/strong><\/p>\n<p><a href=\"http:\/\/pc-beggingen.ch\/index.php\/gallerie\/endschiessen-2016\/\">Endschiessen 2016<\/a><br \/><a href=\"http:\/\/pc-beggingen.ch\/index.php\/absenden-2016\/\">Absenden 2016<\/a><\/p>\n<hr \/>\n<p><strong>Saison 2015<\/strong><\/p>\n<p><a href=\"http:\/\/pc-beggingen.ch\/index.php\/gallerie\/endschiessen-2015\/\">Endschiessen 2015<\/a><br \/><a href=\"http:\/\/pc-beggingen.ch\/index.php\/gallerie\/absenden-2015\/\">Absenden 2015<\/a><\/p>\n<hr \/>\n<p><strong>Saison 2014<\/strong><\/p>\n<p><a href=\"http:\/\/pc-beggingen.ch\/index.php\/gallerie\/mueueserschiessen-2014\/\">M\u00fc\u00fcserschiessen 2014<\/a><br \/><a href=\"http:\/\/pc-beggingen.ch\/index.php\/gallerie\/feldschiessen-2014\/\">Feldschiessen 2014<\/a><br \/><a href=\"http:\/\/pc-beggingen.ch\/index.php\/gallerie\/endschiessen-2014\/\">Endschiessen 2014<\/a><br \/><a href=\"http:\/\/pc-beggingen.ch\/index.php\/gallerie\/absenden-2014\/\">Absenden 2014<\/a><\/p>\n<hr \/>\n<p><strong>Saison 2013<\/strong><\/p>\n<p><a href=\"http:\/\/pc-beggingen.ch\/index.php\/gallerie\/weihschiessen-2013\/\">Weihschiessen 2013<\/a><br \/><a href=\"http:\/\/pc-beggingen.ch\/index.php\/gallerie\/endschiessen-2013\/\">Endschiessen 2013<\/a><br \/><a href=\"http:\/\/pc-beggingen.ch\/index.php\/gallerie\/absenden-2013\/\">Absenden 2013<\/a><\/p>\n<hr \/>\n<p><strong>Saison 2012<\/strong><\/p>\n<p><a href=\"http:\/\/pc-beggingen.ch\/index.php\/gallerie\/endschiessen-2012\/\">Endschiessen 2012<\/a><br \/><a href=\"http:\/\/pc-beggingen.ch\/index.php\/gallerie\/absenden-2012\/\">Absenden 2012<\/a><\/p>\n<hr \/>\n<p><strong>Saison 2011<\/strong><\/p>\n<p><a href=\"http:\/\/pc-beggingen.ch\/index.php\/gallerie\/bau-25m-anlage-sommer-2011\/\">Bau 25m &#8211; Anlage 2011<\/a><br \/><a href=\"http:\/\/pc-beggingen.ch\/index.php\/gallerie\/einweihungsfeier-25m-anlage-2011\/\">Einweihungsfeier 25m &#8211; Anlage 2011<\/a><\/p>\n<hr \/>\n\n\n<p><\/p>\n","protected":false},"excerpt":{"rendered":"<p>Saison 2020 Saison 2019 Absenden 2019 Saison 2018 B\u00fcndner Kantonalsch\u00fctzenfest 2018Absenden 2018 Saison 2017 Berner Kantonalsch\u00fctzenfest 2017 Saison 2016 Endschiessen 2016Absenden 2016 Saison 2015 Endschiessen 2015Absenden 2015 Saison 2014 M\u00fc\u00fcserschiessen 2014Feldschiessen 2014Endschiessen 2014Absenden 2014 Saison 2013 Weihschiessen 2013Endschiessen 2013Absenden 2013 Saison 2012 Endschiessen 2012Absenden 2012 Saison 2011 Bau 25m &#8211; Anlage 2011Einweihungsfeier 25m &#8211; Anlage &hellip; <a href=\"https:\/\/pc-beggingen.ch\/index.php\/gallerie\/\" class=\"more-link\"><span class=\"screen-reader-text\">Galerie<\/span> weiterlesen <span class=\"meta-nav\">&rarr;<\/span><\/a><\/p>\n","protected":false},"author":5,"featured_media":0,"parent":0,"menu_order":0,"comment_status":"closed","ping_status":"closed","template":"","meta":[],"_links":{"self":[{"href":"https:\/\/pc-beggingen.ch\/index.php\/wp-json\/wp\/v2\/pages\/56"}],"collection":[{"href":"https:\/\/pc-beggingen.ch\/index.php\/wp-json\/wp\/v2\/pages"}],"about":[{"href":"https:\/\/pc-beggingen.ch\/index.php\/wp-json\/wp\/v2\/types\/page"}],"author":[{"embeddable":true,"href":"https:\/\/pc-beggingen.ch\/index.php\/wp-json\/wp\/v2\/users\/5"}],"replies":[{"embeddable":true,"href":"https:\/\/pc-beggingen.ch\/index.php\/wp-json\/wp\/v2\/comments?post=56"}],"version-history":[{"count":4,"href":"https:\/\/pc-beggingen.ch\/index.php\/wp-json\/wp\/v2\/pages\/56\/revisions"}],"predecessor-version":[{"id":1121,"href":"https:\/\/pc-beggingen.ch\/index.php\/wp-json\/wp\/v2\/pages\/56\/revisions\/1121"}],"wp:attachment":[{"href":"https:\/\/pc-beggingen.ch\/index.php\/wp-json\/wp\/v2\/media?parent=56"}],"curies":[{"name":"wp","href":"https:\/\/api.w.org\/{rel}","templated":true}]}}