{"id":374,"date":"2015-10-08T11:49:21","date_gmt":"2015-10-08T09:49:21","guid":{"rendered":"http:\/\/sdfg.ch\/pc-beggingen\/?page_id=374"},"modified":"2015-10-22T09:12:24","modified_gmt":"2015-10-22T07:12:24","slug":"mueueserschiessen-2014","status":"publish","type":"page","link":"https:\/\/pc-beggingen.ch\/index.php\/gallerie\/mueueserschiessen-2014\/","title":{"rendered":"M\u00fc\u00fcserschiessen 2014"},"content":{"rendered":"<p><strong>Trotz einigen zielsicheren Gastsch\u00fctzen, bleibt der Helvetia-Pokal in unseren&#8230; respektive Stefan Schudel&#8217;s H\u00e4nden! Bravo!!<\/strong><\/p>\n<div id='gallery-1' class='gallery galleryid-374 gallery-columns-4 gallery-size-thumbnail'><figure class='gallery-item'>\n\t\t\t<div class='gallery-icon landscape'>\n\t\t\t\t<a href='https:\/\/pc-beggingen.ch\/index.php\/gallerie\/mueueserschiessen-2014\/olympus-digital-camera-115\/'><img width=\"150\" height=\"150\" src=\"https:\/\/pc-beggingen.ch\/wp-content\/uploads\/2015\/10\/p9060912_0-150x150.jpg\" class=\"attachment-thumbnail size-thumbnail\" alt=\"\" loading=\"lazy\" aria-describedby=\"gallery-1-421\" \/><\/a>\n\t\t\t<\/div>\n\t\t\t\t<figcaption class='wp-caption-text gallery-caption' id='gallery-1-421'>\n\t\t\t\tOLYMPUS DIGITAL CAMERA\n\t\t\t\t<\/figcaption><\/figure><figure class='gallery-item'>\n\t\t\t<div class='gallery-icon landscape'>\n\t\t\t\t<a href='https:\/\/pc-beggingen.ch\/index.php\/gallerie\/mueueserschiessen-2014\/olympus-digital-camera-71\/'><img width=\"150\" height=\"150\" src=\"https:\/\/pc-beggingen.ch\/wp-content\/uploads\/2015\/10\/p9060846-150x150.jpg\" class=\"attachment-thumbnail size-thumbnail\" alt=\"\" loading=\"lazy\" aria-describedby=\"gallery-1-377\" \/><\/a>\n\t\t\t<\/div>\n\t\t\t\t<figcaption class='wp-caption-text gallery-caption' id='gallery-1-377'>\n\t\t\t\tOLYMPUS DIGITAL CAMERA\n\t\t\t\t<\/figcaption><\/figure><figure class='gallery-item'>\n\t\t\t<div class='gallery-icon landscape'>\n\t\t\t\t<a href='https:\/\/pc-beggingen.ch\/index.php\/gallerie\/mueueserschiessen-2014\/olympus-digital-camera-72\/'><img width=\"150\" height=\"150\" src=\"https:\/\/pc-beggingen.ch\/wp-content\/uploads\/2015\/10\/p9060847-150x150.jpg\" class=\"attachment-thumbnail size-thumbnail\" alt=\"\" loading=\"lazy\" aria-describedby=\"gallery-1-378\" \/><\/a>\n\t\t\t<\/div>\n\t\t\t\t<figcaption class='wp-caption-text gallery-caption' id='gallery-1-378'>\n\t\t\t\tOLYMPUS DIGITAL CAMERA\n\t\t\t\t<\/figcaption><\/figure><figure class='gallery-item'>\n\t\t\t<div class='gallery-icon portrait'>\n\t\t\t\t<a href='https:\/\/pc-beggingen.ch\/index.php\/gallerie\/mueueserschiessen-2014\/olympus-digital-camera-73\/'><img width=\"150\" height=\"150\" src=\"https:\/\/pc-beggingen.ch\/wp-content\/uploads\/2015\/10\/p9060848-e1445494849145-150x150.jpg\" class=\"attachment-thumbnail size-thumbnail\" alt=\"\" loading=\"lazy\" aria-describedby=\"gallery-1-379\" \/><\/a>\n\t\t\t<\/div>\n\t\t\t\t<figcaption class='wp-caption-text gallery-caption' id='gallery-1-379'>\n\t\t\t\tOLYMPUS DIGITAL CAMERA\n\t\t\t\t<\/figcaption><\/figure><figure class='gallery-item'>\n\t\t\t<div class='gallery-icon portrait'>\n\t\t\t\t<a href='https:\/\/pc-beggingen.ch\/index.php\/gallerie\/mueueserschiessen-2014\/olympus-digital-camera-74\/'><img width=\"150\" height=\"150\" src=\"https:\/\/pc-beggingen.ch\/wp-content\/uploads\/2015\/10\/p9060849-e1445494806368-150x150.jpg\" class=\"attachment-thumbnail size-thumbnail\" alt=\"\" loading=\"lazy\" aria-describedby=\"gallery-1-380\" \/><\/a>\n\t\t\t<\/div>\n\t\t\t\t<figcaption class='wp-caption-text gallery-caption' id='gallery-1-380'>\n\t\t\t\tOLYMPUS DIGITAL CAMERA\n\t\t\t\t<\/figcaption><\/figure><figure class='gallery-item'>\n\t\t\t<div class='gallery-icon landscape'>\n\t\t\t\t<a href='https:\/\/pc-beggingen.ch\/index.php\/gallerie\/mueueserschiessen-2014\/olympus-digital-camera-75\/'><img width=\"150\" height=\"150\" src=\"https:\/\/pc-beggingen.ch\/wp-content\/uploads\/2015\/10\/p9060850-150x150.jpg\" class=\"attachment-thumbnail size-thumbnail\" alt=\"\" loading=\"lazy\" aria-describedby=\"gallery-1-381\" \/><\/a>\n\t\t\t<\/div>\n\t\t\t\t<figcaption class='wp-caption-text gallery-caption' id='gallery-1-381'>\n\t\t\t\tOLYMPUS DIGITAL CAMERA\n\t\t\t\t<\/figcaption><\/figure><figure class='gallery-item'>\n\t\t\t<div class='gallery-icon portrait'>\n\t\t\t\t<a href='https:\/\/pc-beggingen.ch\/index.php\/gallerie\/mueueserschiessen-2014\/olympus-digital-camera-69\/'><img width=\"150\" height=\"150\" src=\"https:\/\/pc-beggingen.ch\/wp-content\/uploads\/2015\/10\/p9060844-e1445494706454-150x150.jpg\" class=\"attachment-thumbnail size-thumbnail\" alt=\"\" loading=\"lazy\" aria-describedby=\"gallery-1-375\" \/><\/a>\n\t\t\t<\/div>\n\t\t\t\t<figcaption class='wp-caption-text gallery-caption' id='gallery-1-375'>\n\t\t\t\tOLYMPUS DIGITAL CAMERA\n\t\t\t\t<\/figcaption><\/figure><figure class='gallery-item'>\n\t\t\t<div class='gallery-icon landscape'>\n\t\t\t\t<a href='https:\/\/pc-beggingen.ch\/index.php\/gallerie\/mueueserschiessen-2014\/olympus-digital-camera-76\/'><img width=\"150\" height=\"150\" src=\"https:\/\/pc-beggingen.ch\/wp-content\/uploads\/2015\/10\/p9060851-150x150.jpg\" class=\"attachment-thumbnail size-thumbnail\" alt=\"\" loading=\"lazy\" aria-describedby=\"gallery-1-382\" \/><\/a>\n\t\t\t<\/div>\n\t\t\t\t<figcaption class='wp-caption-text gallery-caption' id='gallery-1-382'>\n\t\t\t\tOLYMPUS DIGITAL CAMERA\n\t\t\t\t<\/figcaption><\/figure><figure class='gallery-item'>\n\t\t\t<div class='gallery-icon landscape'>\n\t\t\t\t<a href='https:\/\/pc-beggingen.ch\/index.php\/gallerie\/mueueserschiessen-2014\/olympus-digital-camera-78\/'><img width=\"150\" height=\"150\" src=\"https:\/\/pc-beggingen.ch\/wp-content\/uploads\/2015\/10\/p9060852-150x150.jpg\" class=\"attachment-thumbnail size-thumbnail\" alt=\"\" loading=\"lazy\" aria-describedby=\"gallery-1-384\" \/><\/a>\n\t\t\t<\/div>\n\t\t\t\t<figcaption class='wp-caption-text gallery-caption' id='gallery-1-384'>\n\t\t\t\tOLYMPUS DIGITAL CAMERA\n\t\t\t\t<\/figcaption><\/figure><figure class='gallery-item'>\n\t\t\t<div class='gallery-icon landscape'>\n\t\t\t\t<a href='https:\/\/pc-beggingen.ch\/index.php\/gallerie\/mueueserschiessen-2014\/olympus-digital-camera-80\/'><img width=\"150\" height=\"150\" src=\"https:\/\/pc-beggingen.ch\/wp-content\/uploads\/2015\/10\/p9060854-150x150.jpg\" class=\"attachment-thumbnail size-thumbnail\" alt=\"\" loading=\"lazy\" aria-describedby=\"gallery-1-386\" \/><\/a>\n\t\t\t<\/div>\n\t\t\t\t<figcaption class='wp-caption-text gallery-caption' id='gallery-1-386'>\n\t\t\t\tOLYMPUS DIGITAL CAMERA\n\t\t\t\t<\/figcaption><\/figure><figure class='gallery-item'>\n\t\t\t<div class='gallery-icon landscape'>\n\t\t\t\t<a href='https:\/\/pc-beggingen.ch\/index.php\/gallerie\/mueueserschiessen-2014\/olympus-digital-camera-81\/'><img width=\"150\" height=\"150\" src=\"https:\/\/pc-beggingen.ch\/wp-content\/uploads\/2015\/10\/p9060856-150x150.jpg\" class=\"attachment-thumbnail size-thumbnail\" alt=\"\" loading=\"lazy\" aria-describedby=\"gallery-1-387\" \/><\/a>\n\t\t\t<\/div>\n\t\t\t\t<figcaption class='wp-caption-text gallery-caption' id='gallery-1-387'>\n\t\t\t\tOLYMPUS DIGITAL CAMERA\n\t\t\t\t<\/figcaption><\/figure><figure class='gallery-item'>\n\t\t\t<div class='gallery-icon landscape'>\n\t\t\t\t<a href='https:\/\/pc-beggingen.ch\/index.php\/gallerie\/mueueserschiessen-2014\/olympus-digital-camera-82\/'><img width=\"150\" height=\"150\" src=\"https:\/\/pc-beggingen.ch\/wp-content\/uploads\/2015\/10\/p9060861-150x150.jpg\" class=\"attachment-thumbnail size-thumbnail\" alt=\"\" loading=\"lazy\" aria-describedby=\"gallery-1-388\" \/><\/a>\n\t\t\t<\/div>\n\t\t\t\t<figcaption class='wp-caption-text gallery-caption' id='gallery-1-388'>\n\t\t\t\tOLYMPUS DIGITAL CAMERA\n\t\t\t\t<\/figcaption><\/figure><figure class='gallery-item'>\n\t\t\t<div class='gallery-icon landscape'>\n\t\t\t\t<a href='https:\/\/pc-beggingen.ch\/index.php\/gallerie\/mueueserschiessen-2014\/olympus-digital-camera-83\/'><img width=\"150\" height=\"150\" src=\"https:\/\/pc-beggingen.ch\/wp-content\/uploads\/2015\/10\/p9060862-150x150.jpg\" class=\"attachment-thumbnail size-thumbnail\" alt=\"\" loading=\"lazy\" aria-describedby=\"gallery-1-389\" \/><\/a>\n\t\t\t<\/div>\n\t\t\t\t<figcaption class='wp-caption-text gallery-caption' id='gallery-1-389'>\n\t\t\t\tOLYMPUS DIGITAL CAMERA\n\t\t\t\t<\/figcaption><\/figure><figure class='gallery-item'>\n\t\t\t<div class='gallery-icon landscape'>\n\t\t\t\t<a href='https:\/\/pc-beggingen.ch\/index.php\/gallerie\/mueueserschiessen-2014\/olympus-digital-camera-84\/'><img width=\"150\" height=\"150\" src=\"https:\/\/pc-beggingen.ch\/wp-content\/uploads\/2015\/10\/p9060867-150x150.jpg\" class=\"attachment-thumbnail size-thumbnail\" alt=\"\" loading=\"lazy\" aria-describedby=\"gallery-1-390\" \/><\/a>\n\t\t\t<\/div>\n\t\t\t\t<figcaption class='wp-caption-text gallery-caption' id='gallery-1-390'>\n\t\t\t\tOLYMPUS DIGITAL CAMERA\n\t\t\t\t<\/figcaption><\/figure><figure class='gallery-item'>\n\t\t\t<div class='gallery-icon landscape'>\n\t\t\t\t<a href='https:\/\/pc-beggingen.ch\/index.php\/gallerie\/mueueserschiessen-2014\/olympus-digital-camera-85\/'><img width=\"150\" height=\"150\" src=\"https:\/\/pc-beggingen.ch\/wp-content\/uploads\/2015\/10\/p9060868-150x150.jpg\" class=\"attachment-thumbnail size-thumbnail\" alt=\"\" loading=\"lazy\" aria-describedby=\"gallery-1-391\" \/><\/a>\n\t\t\t<\/div>\n\t\t\t\t<figcaption class='wp-caption-text gallery-caption' id='gallery-1-391'>\n\t\t\t\tOLYMPUS DIGITAL CAMERA\n\t\t\t\t<\/figcaption><\/figure><figure class='gallery-item'>\n\t\t\t<div class='gallery-icon landscape'>\n\t\t\t\t<a href='https:\/\/pc-beggingen.ch\/index.php\/gallerie\/mueueserschiessen-2014\/olympus-digital-camera-86\/'><img width=\"150\" height=\"150\" src=\"https:\/\/pc-beggingen.ch\/wp-content\/uploads\/2015\/10\/p9060869-150x150.jpg\" class=\"attachment-thumbnail size-thumbnail\" alt=\"\" loading=\"lazy\" aria-describedby=\"gallery-1-392\" \/><\/a>\n\t\t\t<\/div>\n\t\t\t\t<figcaption class='wp-caption-text gallery-caption' id='gallery-1-392'>\n\t\t\t\tOLYMPUS DIGITAL CAMERA\n\t\t\t\t<\/figcaption><\/figure><figure class='gallery-item'>\n\t\t\t<div class='gallery-icon landscape'>\n\t\t\t\t<a href='https:\/\/pc-beggingen.ch\/index.php\/gallerie\/mueueserschiessen-2014\/olympus-digital-camera-87\/'><img width=\"150\" height=\"150\" src=\"https:\/\/pc-beggingen.ch\/wp-content\/uploads\/2015\/10\/p9060870-150x150.jpg\" class=\"attachment-thumbnail size-thumbnail\" alt=\"\" loading=\"lazy\" aria-describedby=\"gallery-1-393\" \/><\/a>\n\t\t\t<\/div>\n\t\t\t\t<figcaption class='wp-caption-text gallery-caption' id='gallery-1-393'>\n\t\t\t\tOLYMPUS DIGITAL CAMERA\n\t\t\t\t<\/figcaption><\/figure><figure class='gallery-item'>\n\t\t\t<div class='gallery-icon landscape'>\n\t\t\t\t<a href='https:\/\/pc-beggingen.ch\/index.php\/gallerie\/mueueserschiessen-2014\/olympus-digital-camera-88\/'><img width=\"150\" height=\"150\" src=\"https:\/\/pc-beggingen.ch\/wp-content\/uploads\/2015\/10\/p9060871-150x150.jpg\" class=\"attachment-thumbnail size-thumbnail\" alt=\"\" loading=\"lazy\" aria-describedby=\"gallery-1-394\" \/><\/a>\n\t\t\t<\/div>\n\t\t\t\t<figcaption class='wp-caption-text gallery-caption' id='gallery-1-394'>\n\t\t\t\tOLYMPUS DIGITAL CAMERA\n\t\t\t\t<\/figcaption><\/figure><figure class='gallery-item'>\n\t\t\t<div class='gallery-icon landscape'>\n\t\t\t\t<a href='https:\/\/pc-beggingen.ch\/index.php\/gallerie\/mueueserschiessen-2014\/olympus-digital-camera-89\/'><img width=\"150\" height=\"150\" src=\"https:\/\/pc-beggingen.ch\/wp-content\/uploads\/2015\/10\/p9060872-150x150.jpg\" class=\"attachment-thumbnail size-thumbnail\" alt=\"\" loading=\"lazy\" aria-describedby=\"gallery-1-395\" \/><\/a>\n\t\t\t<\/div>\n\t\t\t\t<figcaption class='wp-caption-text gallery-caption' id='gallery-1-395'>\n\t\t\t\tOLYMPUS DIGITAL CAMERA\n\t\t\t\t<\/figcaption><\/figure><figure class='gallery-item'>\n\t\t\t<div class='gallery-icon landscape'>\n\t\t\t\t<a href='https:\/\/pc-beggingen.ch\/index.php\/gallerie\/mueueserschiessen-2014\/olympus-digital-camera-90\/'><img width=\"150\" height=\"150\" src=\"https:\/\/pc-beggingen.ch\/wp-content\/uploads\/2015\/10\/p9060873-150x150.jpg\" class=\"attachment-thumbnail size-thumbnail\" alt=\"\" loading=\"lazy\" aria-describedby=\"gallery-1-396\" \/><\/a>\n\t\t\t<\/div>\n\t\t\t\t<figcaption class='wp-caption-text gallery-caption' id='gallery-1-396'>\n\t\t\t\tOLYMPUS DIGITAL CAMERA\n\t\t\t\t<\/figcaption><\/figure><figure class='gallery-item'>\n\t\t\t<div class='gallery-icon landscape'>\n\t\t\t\t<a href='https:\/\/pc-beggingen.ch\/index.php\/gallerie\/mueueserschiessen-2014\/olympus-digital-camera-91\/'><img width=\"150\" height=\"150\" src=\"https:\/\/pc-beggingen.ch\/wp-content\/uploads\/2015\/10\/p9060874-150x150.jpg\" class=\"attachment-thumbnail size-thumbnail\" alt=\"\" loading=\"lazy\" aria-describedby=\"gallery-1-397\" \/><\/a>\n\t\t\t<\/div>\n\t\t\t\t<figcaption class='wp-caption-text gallery-caption' id='gallery-1-397'>\n\t\t\t\tOLYMPUS DIGITAL CAMERA\n\t\t\t\t<\/figcaption><\/figure><figure class='gallery-item'>\n\t\t\t<div class='gallery-icon landscape'>\n\t\t\t\t<a href='https:\/\/pc-beggingen.ch\/index.php\/gallerie\/mueueserschiessen-2014\/olympus-digital-camera-92\/'><img width=\"150\" height=\"150\" src=\"https:\/\/pc-beggingen.ch\/wp-content\/uploads\/2015\/10\/p9060875-150x150.jpg\" class=\"attachment-thumbnail size-thumbnail\" alt=\"\" loading=\"lazy\" aria-describedby=\"gallery-1-398\" \/><\/a>\n\t\t\t<\/div>\n\t\t\t\t<figcaption class='wp-caption-text gallery-caption' id='gallery-1-398'>\n\t\t\t\tOLYMPUS DIGITAL CAMERA\n\t\t\t\t<\/figcaption><\/figure><figure class='gallery-item'>\n\t\t\t<div class='gallery-icon landscape'>\n\t\t\t\t<a href='https:\/\/pc-beggingen.ch\/index.php\/gallerie\/mueueserschiessen-2014\/olympus-digital-camera-94\/'><img width=\"150\" height=\"150\" src=\"https:\/\/pc-beggingen.ch\/wp-content\/uploads\/2015\/10\/p9060876_0-150x150.jpg\" class=\"attachment-thumbnail size-thumbnail\" alt=\"\" loading=\"lazy\" aria-describedby=\"gallery-1-400\" \/><\/a>\n\t\t\t<\/div>\n\t\t\t\t<figcaption class='wp-caption-text gallery-caption' id='gallery-1-400'>\n\t\t\t\tOLYMPUS DIGITAL CAMERA\n\t\t\t\t<\/figcaption><\/figure><figure class='gallery-item'>\n\t\t\t<div class='gallery-icon landscape'>\n\t\t\t\t<a href='https:\/\/pc-beggingen.ch\/index.php\/gallerie\/mueueserschiessen-2014\/olympus-digital-camera-95\/'><img width=\"150\" height=\"150\" src=\"https:\/\/pc-beggingen.ch\/wp-content\/uploads\/2015\/10\/p9060877-150x150.jpg\" class=\"attachment-thumbnail size-thumbnail\" alt=\"\" loading=\"lazy\" aria-describedby=\"gallery-1-401\" \/><\/a>\n\t\t\t<\/div>\n\t\t\t\t<figcaption class='wp-caption-text gallery-caption' id='gallery-1-401'>\n\t\t\t\tOLYMPUS DIGITAL CAMERA\n\t\t\t\t<\/figcaption><\/figure><figure class='gallery-item'>\n\t\t\t<div class='gallery-icon portrait'>\n\t\t\t\t<a href='https:\/\/pc-beggingen.ch\/index.php\/gallerie\/mueueserschiessen-2014\/olympus-digital-camera-96\/'><img width=\"150\" height=\"150\" src=\"https:\/\/pc-beggingen.ch\/wp-content\/uploads\/2015\/10\/p9060878-150x150.jpg\" class=\"attachment-thumbnail size-thumbnail\" alt=\"\" loading=\"lazy\" aria-describedby=\"gallery-1-402\" \/><\/a>\n\t\t\t<\/div>\n\t\t\t\t<figcaption class='wp-caption-text gallery-caption' id='gallery-1-402'>\n\t\t\t\tOLYMPUS DIGITAL CAMERA\n\t\t\t\t<\/figcaption><\/figure><figure class='gallery-item'>\n\t\t\t<div class='gallery-icon landscape'>\n\t\t\t\t<a href='https:\/\/pc-beggingen.ch\/index.php\/gallerie\/mueueserschiessen-2014\/olympus-digital-camera-97\/'><img width=\"150\" height=\"150\" src=\"https:\/\/pc-beggingen.ch\/wp-content\/uploads\/2015\/10\/p9060882-150x150.jpg\" class=\"attachment-thumbnail size-thumbnail\" alt=\"\" loading=\"lazy\" aria-describedby=\"gallery-1-403\" \/><\/a>\n\t\t\t<\/div>\n\t\t\t\t<figcaption class='wp-caption-text gallery-caption' id='gallery-1-403'>\n\t\t\t\tOLYMPUS DIGITAL CAMERA\n\t\t\t\t<\/figcaption><\/figure><figure class='gallery-item'>\n\t\t\t<div class='gallery-icon landscape'>\n\t\t\t\t<a href='https:\/\/pc-beggingen.ch\/index.php\/gallerie\/mueueserschiessen-2014\/olympus-digital-camera-98\/'><img width=\"150\" height=\"150\" src=\"https:\/\/pc-beggingen.ch\/wp-content\/uploads\/2015\/10\/p9060885-150x150.jpg\" class=\"attachment-thumbnail size-thumbnail\" alt=\"\" loading=\"lazy\" aria-describedby=\"gallery-1-404\" \/><\/a>\n\t\t\t<\/div>\n\t\t\t\t<figcaption class='wp-caption-text gallery-caption' id='gallery-1-404'>\n\t\t\t\tOLYMPUS DIGITAL CAMERA\n\t\t\t\t<\/figcaption><\/figure><figure class='gallery-item'>\n\t\t\t<div class='gallery-icon landscape'>\n\t\t\t\t<a href='https:\/\/pc-beggingen.ch\/index.php\/gallerie\/mueueserschiessen-2014\/olympus-digital-camera-99\/'><img width=\"150\" height=\"150\" src=\"https:\/\/pc-beggingen.ch\/wp-content\/uploads\/2015\/10\/p9060888-150x150.jpg\" class=\"attachment-thumbnail size-thumbnail\" alt=\"\" loading=\"lazy\" aria-describedby=\"gallery-1-405\" \/><\/a>\n\t\t\t<\/div>\n\t\t\t\t<figcaption class='wp-caption-text gallery-caption' id='gallery-1-405'>\n\t\t\t\tOLYMPUS DIGITAL CAMERA\n\t\t\t\t<\/figcaption><\/figure><figure class='gallery-item'>\n\t\t\t<div class='gallery-icon landscape'>\n\t\t\t\t<a href='https:\/\/pc-beggingen.ch\/index.php\/gallerie\/mueueserschiessen-2014\/olympus-digital-camera-100\/'><img width=\"150\" height=\"150\" src=\"https:\/\/pc-beggingen.ch\/wp-content\/uploads\/2015\/10\/p9060890-150x150.jpg\" class=\"attachment-thumbnail size-thumbnail\" alt=\"\" loading=\"lazy\" aria-describedby=\"gallery-1-406\" \/><\/a>\n\t\t\t<\/div>\n\t\t\t\t<figcaption class='wp-caption-text gallery-caption' id='gallery-1-406'>\n\t\t\t\tOLYMPUS DIGITAL CAMERA\n\t\t\t\t<\/figcaption><\/figure><figure class='gallery-item'>\n\t\t\t<div class='gallery-icon portrait'>\n\t\t\t\t<a href='https:\/\/pc-beggingen.ch\/index.php\/gallerie\/mueueserschiessen-2014\/olympus-digital-camera-101\/'><img width=\"150\" height=\"150\" src=\"https:\/\/pc-beggingen.ch\/wp-content\/uploads\/2015\/10\/p9060891-150x150.jpg\" class=\"attachment-thumbnail size-thumbnail\" alt=\"\" loading=\"lazy\" aria-describedby=\"gallery-1-407\" \/><\/a>\n\t\t\t<\/div>\n\t\t\t\t<figcaption class='wp-caption-text gallery-caption' id='gallery-1-407'>\n\t\t\t\tOLYMPUS DIGITAL CAMERA\n\t\t\t\t<\/figcaption><\/figure><figure class='gallery-item'>\n\t\t\t<div class='gallery-icon portrait'>\n\t\t\t\t<a href='https:\/\/pc-beggingen.ch\/index.php\/gallerie\/mueueserschiessen-2014\/olympus-digital-camera-102\/'><img width=\"150\" height=\"150\" src=\"https:\/\/pc-beggingen.ch\/wp-content\/uploads\/2015\/10\/p9060893-150x150.jpg\" class=\"attachment-thumbnail size-thumbnail\" alt=\"\" loading=\"lazy\" aria-describedby=\"gallery-1-408\" \/><\/a>\n\t\t\t<\/div>\n\t\t\t\t<figcaption class='wp-caption-text gallery-caption' id='gallery-1-408'>\n\t\t\t\tOLYMPUS DIGITAL CAMERA\n\t\t\t\t<\/figcaption><\/figure><figure class='gallery-item'>\n\t\t\t<div class='gallery-icon landscape'>\n\t\t\t\t<a href='https:\/\/pc-beggingen.ch\/index.php\/gallerie\/mueueserschiessen-2014\/olympus-digital-camera-103\/'><img width=\"150\" height=\"150\" src=\"https:\/\/pc-beggingen.ch\/wp-content\/uploads\/2015\/10\/p9060896-150x150.jpg\" class=\"attachment-thumbnail size-thumbnail\" alt=\"\" loading=\"lazy\" aria-describedby=\"gallery-1-409\" \/><\/a>\n\t\t\t<\/div>\n\t\t\t\t<figcaption class='wp-caption-text gallery-caption' id='gallery-1-409'>\n\t\t\t\tOLYMPUS DIGITAL CAMERA\n\t\t\t\t<\/figcaption><\/figure><figure class='gallery-item'>\n\t\t\t<div class='gallery-icon portrait'>\n\t\t\t\t<a href='https:\/\/pc-beggingen.ch\/index.php\/gallerie\/mueueserschiessen-2014\/olympus-digital-camera-104\/'><img width=\"150\" height=\"150\" src=\"https:\/\/pc-beggingen.ch\/wp-content\/uploads\/2015\/10\/p9060897-150x150.jpg\" class=\"attachment-thumbnail size-thumbnail\" alt=\"\" loading=\"lazy\" aria-describedby=\"gallery-1-410\" \/><\/a>\n\t\t\t<\/div>\n\t\t\t\t<figcaption class='wp-caption-text gallery-caption' id='gallery-1-410'>\n\t\t\t\tOLYMPUS DIGITAL CAMERA\n\t\t\t\t<\/figcaption><\/figure><figure class='gallery-item'>\n\t\t\t<div class='gallery-icon landscape'>\n\t\t\t\t<a href='https:\/\/pc-beggingen.ch\/index.php\/gallerie\/mueueserschiessen-2014\/olympus-digital-camera-105\/'><img width=\"150\" height=\"150\" src=\"https:\/\/pc-beggingen.ch\/wp-content\/uploads\/2015\/10\/p9060898-150x150.jpg\" class=\"attachment-thumbnail size-thumbnail\" alt=\"\" loading=\"lazy\" aria-describedby=\"gallery-1-411\" \/><\/a>\n\t\t\t<\/div>\n\t\t\t\t<figcaption class='wp-caption-text gallery-caption' id='gallery-1-411'>\n\t\t\t\tOLYMPUS DIGITAL CAMERA\n\t\t\t\t<\/figcaption><\/figure><figure class='gallery-item'>\n\t\t\t<div class='gallery-icon landscape'>\n\t\t\t\t<a href='https:\/\/pc-beggingen.ch\/index.php\/gallerie\/mueueserschiessen-2014\/olympus-digital-camera-106\/'><img width=\"150\" height=\"150\" src=\"https:\/\/pc-beggingen.ch\/wp-content\/uploads\/2015\/10\/p9060899-150x150.jpg\" class=\"attachment-thumbnail size-thumbnail\" alt=\"\" loading=\"lazy\" aria-describedby=\"gallery-1-412\" \/><\/a>\n\t\t\t<\/div>\n\t\t\t\t<figcaption class='wp-caption-text gallery-caption' id='gallery-1-412'>\n\t\t\t\tOLYMPUS DIGITAL CAMERA\n\t\t\t\t<\/figcaption><\/figure><figure class='gallery-item'>\n\t\t\t<div class='gallery-icon portrait'>\n\t\t\t\t<a href='https:\/\/pc-beggingen.ch\/index.php\/gallerie\/mueueserschiessen-2014\/olympus-digital-camera-107\/'><img width=\"150\" height=\"150\" src=\"https:\/\/pc-beggingen.ch\/wp-content\/uploads\/2015\/10\/p9060900-150x150.jpg\" class=\"attachment-thumbnail size-thumbnail\" alt=\"\" loading=\"lazy\" aria-describedby=\"gallery-1-413\" \/><\/a>\n\t\t\t<\/div>\n\t\t\t\t<figcaption class='wp-caption-text gallery-caption' id='gallery-1-413'>\n\t\t\t\tOLYMPUS DIGITAL CAMERA\n\t\t\t\t<\/figcaption><\/figure><figure class='gallery-item'>\n\t\t\t<div class='gallery-icon landscape'>\n\t\t\t\t<a href='https:\/\/pc-beggingen.ch\/index.php\/gallerie\/mueueserschiessen-2014\/olympus-digital-camera-108\/'><img width=\"150\" height=\"150\" src=\"https:\/\/pc-beggingen.ch\/wp-content\/uploads\/2015\/10\/p9060901-150x150.jpg\" class=\"attachment-thumbnail size-thumbnail\" alt=\"\" loading=\"lazy\" aria-describedby=\"gallery-1-414\" \/><\/a>\n\t\t\t<\/div>\n\t\t\t\t<figcaption class='wp-caption-text gallery-caption' id='gallery-1-414'>\n\t\t\t\tOLYMPUS DIGITAL CAMERA\n\t\t\t\t<\/figcaption><\/figure><figure class='gallery-item'>\n\t\t\t<div class='gallery-icon landscape'>\n\t\t\t\t<a href='https:\/\/pc-beggingen.ch\/index.php\/gallerie\/mueueserschiessen-2014\/olympus-digital-camera-109\/'><img width=\"150\" height=\"150\" src=\"https:\/\/pc-beggingen.ch\/wp-content\/uploads\/2015\/10\/p9060902-150x150.jpg\" class=\"attachment-thumbnail size-thumbnail\" alt=\"\" loading=\"lazy\" aria-describedby=\"gallery-1-415\" \/><\/a>\n\t\t\t<\/div>\n\t\t\t\t<figcaption class='wp-caption-text gallery-caption' id='gallery-1-415'>\n\t\t\t\tOLYMPUS DIGITAL CAMERA\n\t\t\t\t<\/figcaption><\/figure><figure class='gallery-item'>\n\t\t\t<div class='gallery-icon landscape'>\n\t\t\t\t<a href='https:\/\/pc-beggingen.ch\/index.php\/gallerie\/mueueserschiessen-2014\/olympus-digital-camera-110\/'><img width=\"150\" height=\"150\" src=\"https:\/\/pc-beggingen.ch\/wp-content\/uploads\/2015\/10\/p9060903-150x150.jpg\" class=\"attachment-thumbnail size-thumbnail\" alt=\"\" loading=\"lazy\" aria-describedby=\"gallery-1-416\" \/><\/a>\n\t\t\t<\/div>\n\t\t\t\t<figcaption class='wp-caption-text gallery-caption' id='gallery-1-416'>\n\t\t\t\tOLYMPUS DIGITAL CAMERA\n\t\t\t\t<\/figcaption><\/figure><figure class='gallery-item'>\n\t\t\t<div class='gallery-icon landscape'>\n\t\t\t\t<a href='https:\/\/pc-beggingen.ch\/index.php\/gallerie\/mueueserschiessen-2014\/olympus-digital-camera-111\/'><img width=\"150\" height=\"150\" src=\"https:\/\/pc-beggingen.ch\/wp-content\/uploads\/2015\/10\/p9060904-150x150.jpg\" class=\"attachment-thumbnail size-thumbnail\" alt=\"\" loading=\"lazy\" aria-describedby=\"gallery-1-417\" \/><\/a>\n\t\t\t<\/div>\n\t\t\t\t<figcaption class='wp-caption-text gallery-caption' id='gallery-1-417'>\n\t\t\t\tOLYMPUS DIGITAL CAMERA\n\t\t\t\t<\/figcaption><\/figure><figure class='gallery-item'>\n\t\t\t<div class='gallery-icon landscape'>\n\t\t\t\t<a href='https:\/\/pc-beggingen.ch\/index.php\/gallerie\/mueueserschiessen-2014\/olympus-digital-camera-112\/'><img width=\"150\" height=\"150\" src=\"https:\/\/pc-beggingen.ch\/wp-content\/uploads\/2015\/10\/p9060906-150x150.jpg\" class=\"attachment-thumbnail size-thumbnail\" alt=\"\" loading=\"lazy\" aria-describedby=\"gallery-1-418\" \/><\/a>\n\t\t\t<\/div>\n\t\t\t\t<figcaption class='wp-caption-text gallery-caption' id='gallery-1-418'>\n\t\t\t\tOLYMPUS DIGITAL CAMERA\n\t\t\t\t<\/figcaption><\/figure><figure class='gallery-item'>\n\t\t\t<div class='gallery-icon landscape'>\n\t\t\t\t<a href='https:\/\/pc-beggingen.ch\/index.php\/gallerie\/mueueserschiessen-2014\/olympus-digital-camera-113\/'><img width=\"150\" height=\"150\" src=\"https:\/\/pc-beggingen.ch\/wp-content\/uploads\/2015\/10\/p9060907-150x150.jpg\" class=\"attachment-thumbnail size-thumbnail\" alt=\"\" loading=\"lazy\" aria-describedby=\"gallery-1-419\" \/><\/a>\n\t\t\t<\/div>\n\t\t\t\t<figcaption class='wp-caption-text gallery-caption' id='gallery-1-419'>\n\t\t\t\tOLYMPUS DIGITAL CAMERA\n\t\t\t\t<\/figcaption><\/figure>\n\t\t<\/div>\n\n","protected":false},"excerpt":{"rendered":"<p>Trotz einigen zielsicheren Gastsch\u00fctzen, bleibt der Helvetia-Pokal in unseren&#8230; respektive Stefan Schudel&#8217;s H\u00e4nden! Bravo!!<\/p>\n","protected":false},"author":5,"featured_media":0,"parent":56,"menu_order":9,"comment_status":"closed","ping_status":"closed","template":"","meta":[],"_links":{"self":[{"href":"https:\/\/pc-beggingen.ch\/index.php\/wp-json\/wp\/v2\/pages\/374"}],"collection":[{"href":"https:\/\/pc-beggingen.ch\/index.php\/wp-json\/wp\/v2\/pages"}],"about":[{"href":"https:\/\/pc-beggingen.ch\/index.php\/wp-json\/wp\/v2\/types\/page"}],"author":[{"embeddable":true,"href":"https:\/\/pc-beggingen.ch\/index.php\/wp-json\/wp\/v2\/users\/5"}],"replies":[{"embeddable":true,"href":"https:\/\/pc-beggingen.ch\/index.php\/wp-json\/wp\/v2\/comments?post=374"}],"version-history":[{"count":5,"href":"https:\/\/pc-beggingen.ch\/index.php\/wp-json\/wp\/v2\/pages\/374\/revisions"}],"predecessor-version":[{"id":566,"href":"https:\/\/pc-beggingen.ch\/index.php\/wp-json\/wp\/v2\/pages\/374\/revisions\/566"}],"up":[{"embeddable":true,"href":"https:\/\/pc-beggingen.ch\/index.php\/wp-json\/wp\/v2\/pages\/56"}],"wp:attachment":[{"href":"https:\/\/pc-beggingen.ch\/index.php\/wp-json\/wp\/v2\/media?parent=374"}],"curies":[{"name":"wp","href":"https:\/\/api.w.org\/{rel}","templated":true}]}}