{"id":329,"date":"2015-10-08T11:46:27","date_gmt":"2015-10-08T09:46:27","guid":{"rendered":"http:\/\/sdfg.ch\/pc-beggingen\/?page_id=329"},"modified":"2015-10-22T09:10:09","modified_gmt":"2015-10-22T07:10:09","slug":"feldschiessen-2014","status":"publish","type":"page","link":"https:\/\/pc-beggingen.ch\/index.php\/gallerie\/feldschiessen-2014\/","title":{"rendered":"Feldschiessen 2014"},"content":{"rendered":"<p><strong>Nach der sportlichen Bet\u00e4tigung l\u00e4dt das pr\u00e4chtige Wetter zum ausgiebigen Verweilen ein.<\/strong><\/p>\n<div id='gallery-1' class='gallery galleryid-329 gallery-columns-4 gallery-size-thumbnail'><figure class='gallery-item'>\n\t\t\t<div class='gallery-icon landscape'>\n\t\t\t\t<a href='https:\/\/pc-beggingen.ch\/index.php\/gallerie\/feldschiessen-2014\/olympus-digital-camera-42\/'><img width=\"150\" height=\"150\" src=\"https:\/\/pc-beggingen.ch\/wp-content\/uploads\/2015\/10\/p5310209-150x150.jpg\" class=\"attachment-thumbnail size-thumbnail\" alt=\"\" loading=\"lazy\" aria-describedby=\"gallery-1-346\" \/><\/a>\n\t\t\t<\/div>\n\t\t\t\t<figcaption class='wp-caption-text gallery-caption' id='gallery-1-346'>\n\t\t\t\tOLYMPUS DIGITAL CAMERA\n\t\t\t\t<\/figcaption><\/figure><figure class='gallery-item'>\n\t\t\t<div class='gallery-icon landscape'>\n\t\t\t\t<a href='https:\/\/pc-beggingen.ch\/index.php\/gallerie\/feldschiessen-2014\/olympus-digital-camera-41\/'><img width=\"150\" height=\"150\" src=\"https:\/\/pc-beggingen.ch\/wp-content\/uploads\/2015\/10\/p5310206-150x150.jpg\" class=\"attachment-thumbnail size-thumbnail\" alt=\"\" loading=\"lazy\" aria-describedby=\"gallery-1-345\" \/><\/a>\n\t\t\t<\/div>\n\t\t\t\t<figcaption class='wp-caption-text gallery-caption' id='gallery-1-345'>\n\t\t\t\tOLYMPUS DIGITAL CAMERA\n\t\t\t\t<\/figcaption><\/figure><figure class='gallery-item'>\n\t\t\t<div class='gallery-icon landscape'>\n\t\t\t\t<a href='https:\/\/pc-beggingen.ch\/index.php\/gallerie\/feldschiessen-2014\/olympus-digital-camera-46\/'><img width=\"150\" height=\"150\" src=\"https:\/\/pc-beggingen.ch\/wp-content\/uploads\/2015\/10\/p5310218-150x150.jpg\" class=\"attachment-thumbnail size-thumbnail\" alt=\"\" loading=\"lazy\" aria-describedby=\"gallery-1-350\" \/><\/a>\n\t\t\t<\/div>\n\t\t\t\t<figcaption class='wp-caption-text gallery-caption' id='gallery-1-350'>\n\t\t\t\tOLYMPUS DIGITAL CAMERA\n\t\t\t\t<\/figcaption><\/figure><figure class='gallery-item'>\n\t\t\t<div class='gallery-icon landscape'>\n\t\t\t\t<a href='https:\/\/pc-beggingen.ch\/index.php\/gallerie\/feldschiessen-2014\/olympus-digital-camera-40\/'><img width=\"150\" height=\"150\" src=\"https:\/\/pc-beggingen.ch\/wp-content\/uploads\/2015\/10\/p5310205-150x150.jpg\" class=\"attachment-thumbnail size-thumbnail\" alt=\"\" loading=\"lazy\" aria-describedby=\"gallery-1-344\" \/><\/a>\n\t\t\t<\/div>\n\t\t\t\t<figcaption class='wp-caption-text gallery-caption' id='gallery-1-344'>\n\t\t\t\tOLYMPUS DIGITAL CAMERA\n\t\t\t\t<\/figcaption><\/figure><figure class='gallery-item'>\n\t\t\t<div class='gallery-icon landscape'>\n\t\t\t\t<a href='https:\/\/pc-beggingen.ch\/index.php\/gallerie\/feldschiessen-2014\/olympus-digital-camera-43\/'><img width=\"150\" height=\"150\" src=\"https:\/\/pc-beggingen.ch\/wp-content\/uploads\/2015\/10\/p5310210-150x150.jpg\" class=\"attachment-thumbnail size-thumbnail\" alt=\"\" loading=\"lazy\" aria-describedby=\"gallery-1-347\" \/><\/a>\n\t\t\t<\/div>\n\t\t\t\t<figcaption class='wp-caption-text gallery-caption' id='gallery-1-347'>\n\t\t\t\tOLYMPUS DIGITAL CAMERA\n\t\t\t\t<\/figcaption><\/figure><figure class='gallery-item'>\n\t\t\t<div class='gallery-icon landscape'>\n\t\t\t\t<a href='https:\/\/pc-beggingen.ch\/index.php\/gallerie\/feldschiessen-2014\/olympus-digital-camera-45\/'><img width=\"150\" height=\"150\" src=\"https:\/\/pc-beggingen.ch\/wp-content\/uploads\/2015\/10\/p5310216-150x150.jpg\" class=\"attachment-thumbnail size-thumbnail\" alt=\"\" loading=\"lazy\" aria-describedby=\"gallery-1-349\" \/><\/a>\n\t\t\t<\/div>\n\t\t\t\t<figcaption class='wp-caption-text gallery-caption' id='gallery-1-349'>\n\t\t\t\tOLYMPUS DIGITAL CAMERA\n\t\t\t\t<\/figcaption><\/figure><figure class='gallery-item'>\n\t\t\t<div class='gallery-icon landscape'>\n\t\t\t\t<a href='https:\/\/pc-beggingen.ch\/index.php\/gallerie\/feldschiessen-2014\/olympus-digital-camera-27\/'><img width=\"150\" height=\"150\" src=\"https:\/\/pc-beggingen.ch\/wp-content\/uploads\/2015\/10\/p5240170-150x150.jpg\" class=\"attachment-thumbnail size-thumbnail\" alt=\"\" loading=\"lazy\" aria-describedby=\"gallery-1-331\" \/><\/a>\n\t\t\t<\/div>\n\t\t\t\t<figcaption class='wp-caption-text gallery-caption' id='gallery-1-331'>\n\t\t\t\tOLYMPUS DIGITAL CAMERA\n\t\t\t\t<\/figcaption><\/figure><figure class='gallery-item'>\n\t\t\t<div class='gallery-icon landscape'>\n\t\t\t\t<a href='https:\/\/pc-beggingen.ch\/index.php\/gallerie\/feldschiessen-2014\/olympus-digital-camera-28\/'><img width=\"150\" height=\"150\" src=\"https:\/\/pc-beggingen.ch\/wp-content\/uploads\/2015\/10\/p5240171-150x150.jpg\" class=\"attachment-thumbnail size-thumbnail\" alt=\"\" loading=\"lazy\" aria-describedby=\"gallery-1-332\" \/><\/a>\n\t\t\t<\/div>\n\t\t\t\t<figcaption class='wp-caption-text gallery-caption' id='gallery-1-332'>\n\t\t\t\tOLYMPUS DIGITAL CAMERA\n\t\t\t\t<\/figcaption><\/figure><figure class='gallery-item'>\n\t\t\t<div class='gallery-icon landscape'>\n\t\t\t\t<a href='https:\/\/pc-beggingen.ch\/index.php\/gallerie\/feldschiessen-2014\/olympus-digital-camera-29\/'><img width=\"150\" height=\"150\" src=\"https:\/\/pc-beggingen.ch\/wp-content\/uploads\/2015\/10\/p5240172-150x150.jpg\" class=\"attachment-thumbnail size-thumbnail\" alt=\"\" loading=\"lazy\" aria-describedby=\"gallery-1-333\" \/><\/a>\n\t\t\t<\/div>\n\t\t\t\t<figcaption class='wp-caption-text gallery-caption' id='gallery-1-333'>\n\t\t\t\tOLYMPUS DIGITAL CAMERA\n\t\t\t\t<\/figcaption><\/figure><figure class='gallery-item'>\n\t\t\t<div class='gallery-icon portrait'>\n\t\t\t\t<a href='https:\/\/pc-beggingen.ch\/index.php\/gallerie\/feldschiessen-2014\/olympus-digital-camera-30\/'><img width=\"150\" height=\"150\" src=\"https:\/\/pc-beggingen.ch\/wp-content\/uploads\/2015\/10\/p5240173-150x150.jpg\" class=\"attachment-thumbnail size-thumbnail\" alt=\"\" loading=\"lazy\" aria-describedby=\"gallery-1-334\" \/><\/a>\n\t\t\t<\/div>\n\t\t\t\t<figcaption class='wp-caption-text gallery-caption' id='gallery-1-334'>\n\t\t\t\tOLYMPUS DIGITAL CAMERA\n\t\t\t\t<\/figcaption><\/figure><figure class='gallery-item'>\n\t\t\t<div class='gallery-icon landscape'>\n\t\t\t\t<a href='https:\/\/pc-beggingen.ch\/index.php\/gallerie\/feldschiessen-2014\/olympus-digital-camera-31\/'><img width=\"150\" height=\"150\" src=\"https:\/\/pc-beggingen.ch\/wp-content\/uploads\/2015\/10\/p5240175-150x150.jpg\" class=\"attachment-thumbnail size-thumbnail\" alt=\"\" loading=\"lazy\" aria-describedby=\"gallery-1-335\" \/><\/a>\n\t\t\t<\/div>\n\t\t\t\t<figcaption class='wp-caption-text gallery-caption' id='gallery-1-335'>\n\t\t\t\tOLYMPUS DIGITAL CAMERA\n\t\t\t\t<\/figcaption><\/figure><figure class='gallery-item'>\n\t\t\t<div class='gallery-icon portrait'>\n\t\t\t\t<a href='https:\/\/pc-beggingen.ch\/index.php\/gallerie\/feldschiessen-2014\/olympus-digital-camera-32\/'><img width=\"150\" height=\"150\" src=\"https:\/\/pc-beggingen.ch\/wp-content\/uploads\/2015\/10\/p5240176-150x150.jpg\" class=\"attachment-thumbnail size-thumbnail\" alt=\"\" loading=\"lazy\" aria-describedby=\"gallery-1-336\" \/><\/a>\n\t\t\t<\/div>\n\t\t\t\t<figcaption class='wp-caption-text gallery-caption' id='gallery-1-336'>\n\t\t\t\tOLYMPUS DIGITAL CAMERA\n\t\t\t\t<\/figcaption><\/figure><figure class='gallery-item'>\n\t\t\t<div class='gallery-icon landscape'>\n\t\t\t\t<a href='https:\/\/pc-beggingen.ch\/index.php\/gallerie\/feldschiessen-2014\/olympus-digital-camera-33\/'><img width=\"150\" height=\"150\" src=\"https:\/\/pc-beggingen.ch\/wp-content\/uploads\/2015\/10\/p5240177-150x150.jpg\" class=\"attachment-thumbnail size-thumbnail\" alt=\"\" loading=\"lazy\" aria-describedby=\"gallery-1-337\" \/><\/a>\n\t\t\t<\/div>\n\t\t\t\t<figcaption class='wp-caption-text gallery-caption' id='gallery-1-337'>\n\t\t\t\tOLYMPUS DIGITAL CAMERA\n\t\t\t\t<\/figcaption><\/figure><figure class='gallery-item'>\n\t\t\t<div class='gallery-icon landscape'>\n\t\t\t\t<a href='https:\/\/pc-beggingen.ch\/index.php\/gallerie\/feldschiessen-2014\/olympus-digital-camera-34\/'><img width=\"150\" height=\"150\" src=\"https:\/\/pc-beggingen.ch\/wp-content\/uploads\/2015\/10\/p5240189-150x150.jpg\" class=\"attachment-thumbnail size-thumbnail\" alt=\"\" loading=\"lazy\" aria-describedby=\"gallery-1-338\" \/><\/a>\n\t\t\t<\/div>\n\t\t\t\t<figcaption class='wp-caption-text gallery-caption' id='gallery-1-338'>\n\t\t\t\tOLYMPUS DIGITAL CAMERA\n\t\t\t\t<\/figcaption><\/figure><figure class='gallery-item'>\n\t\t\t<div class='gallery-icon landscape'>\n\t\t\t\t<a href='https:\/\/pc-beggingen.ch\/index.php\/gallerie\/feldschiessen-2014\/olympus-digital-camera-35\/'><img width=\"150\" height=\"150\" src=\"https:\/\/pc-beggingen.ch\/wp-content\/uploads\/2015\/10\/p5240192-150x150.jpg\" class=\"attachment-thumbnail size-thumbnail\" alt=\"\" loading=\"lazy\" aria-describedby=\"gallery-1-339\" \/><\/a>\n\t\t\t<\/div>\n\t\t\t\t<figcaption class='wp-caption-text gallery-caption' id='gallery-1-339'>\n\t\t\t\tOLYMPUS DIGITAL CAMERA\n\t\t\t\t<\/figcaption><\/figure><figure class='gallery-item'>\n\t\t\t<div class='gallery-icon landscape'>\n\t\t\t\t<a href='https:\/\/pc-beggingen.ch\/index.php\/gallerie\/feldschiessen-2014\/olympus-digital-camera-36\/'><img width=\"150\" height=\"150\" src=\"https:\/\/pc-beggingen.ch\/wp-content\/uploads\/2015\/10\/p5240194-150x150.jpg\" class=\"attachment-thumbnail size-thumbnail\" alt=\"\" loading=\"lazy\" aria-describedby=\"gallery-1-340\" \/><\/a>\n\t\t\t<\/div>\n\t\t\t\t<figcaption class='wp-caption-text gallery-caption' id='gallery-1-340'>\n\t\t\t\tOLYMPUS DIGITAL CAMERA\n\t\t\t\t<\/figcaption><\/figure><figure class='gallery-item'>\n\t\t\t<div class='gallery-icon landscape'>\n\t\t\t\t<a href='https:\/\/pc-beggingen.ch\/index.php\/gallerie\/feldschiessen-2014\/olympus-digital-camera-37\/'><img width=\"150\" height=\"150\" src=\"https:\/\/pc-beggingen.ch\/wp-content\/uploads\/2015\/10\/p5240196-150x150.jpg\" class=\"attachment-thumbnail size-thumbnail\" alt=\"\" loading=\"lazy\" aria-describedby=\"gallery-1-341\" \/><\/a>\n\t\t\t<\/div>\n\t\t\t\t<figcaption class='wp-caption-text gallery-caption' id='gallery-1-341'>\n\t\t\t\tOLYMPUS DIGITAL CAMERA\n\t\t\t\t<\/figcaption><\/figure><figure class='gallery-item'>\n\t\t\t<div class='gallery-icon landscape'>\n\t\t\t\t<a href='https:\/\/pc-beggingen.ch\/index.php\/gallerie\/feldschiessen-2014\/olympus-digital-camera-38\/'><img width=\"150\" height=\"150\" src=\"https:\/\/pc-beggingen.ch\/wp-content\/uploads\/2015\/10\/p5240197-150x150.jpg\" class=\"attachment-thumbnail size-thumbnail\" alt=\"\" loading=\"lazy\" aria-describedby=\"gallery-1-342\" \/><\/a>\n\t\t\t<\/div>\n\t\t\t\t<figcaption class='wp-caption-text gallery-caption' id='gallery-1-342'>\n\t\t\t\tOLYMPUS DIGITAL CAMERA\n\t\t\t\t<\/figcaption><\/figure><figure class='gallery-item'>\n\t\t\t<div class='gallery-icon landscape'>\n\t\t\t\t<a href='https:\/\/pc-beggingen.ch\/index.php\/gallerie\/feldschiessen-2014\/olympus-digital-camera-39\/'><img width=\"150\" height=\"150\" src=\"https:\/\/pc-beggingen.ch\/wp-content\/uploads\/2015\/10\/p5310201-150x150.jpg\" class=\"attachment-thumbnail size-thumbnail\" alt=\"\" loading=\"lazy\" aria-describedby=\"gallery-1-343\" \/><\/a>\n\t\t\t<\/div>\n\t\t\t\t<figcaption class='wp-caption-text gallery-caption' id='gallery-1-343'>\n\t\t\t\tOLYMPUS DIGITAL CAMERA\n\t\t\t\t<\/figcaption><\/figure><figure class='gallery-item'>\n\t\t\t<div class='gallery-icon portrait'>\n\t\t\t\t<a href='https:\/\/pc-beggingen.ch\/index.php\/gallerie\/feldschiessen-2014\/olympus-digital-camera-44\/'><img width=\"150\" height=\"150\" src=\"https:\/\/pc-beggingen.ch\/wp-content\/uploads\/2015\/10\/p5310213-150x150.jpg\" class=\"attachment-thumbnail size-thumbnail\" alt=\"\" loading=\"lazy\" aria-describedby=\"gallery-1-348\" \/><\/a>\n\t\t\t<\/div>\n\t\t\t\t<figcaption class='wp-caption-text gallery-caption' id='gallery-1-348'>\n\t\t\t\tOLYMPUS DIGITAL CAMERA\n\t\t\t\t<\/figcaption><\/figure><figure class='gallery-item'>\n\t\t\t<div class='gallery-icon landscape'>\n\t\t\t\t<a href='https:\/\/pc-beggingen.ch\/index.php\/gallerie\/feldschiessen-2014\/olympus-digital-camera-47\/'><img width=\"150\" height=\"150\" src=\"https:\/\/pc-beggingen.ch\/wp-content\/uploads\/2015\/10\/p5310221-150x150.jpg\" class=\"attachment-thumbnail size-thumbnail\" alt=\"\" loading=\"lazy\" aria-describedby=\"gallery-1-351\" \/><\/a>\n\t\t\t<\/div>\n\t\t\t\t<figcaption class='wp-caption-text gallery-caption' id='gallery-1-351'>\n\t\t\t\tOLYMPUS DIGITAL CAMERA\n\t\t\t\t<\/figcaption><\/figure><figure class='gallery-item'>\n\t\t\t<div class='gallery-icon landscape'>\n\t\t\t\t<a href='https:\/\/pc-beggingen.ch\/index.php\/gallerie\/feldschiessen-2014\/olympus-digital-camera-48\/'><img width=\"150\" height=\"150\" src=\"https:\/\/pc-beggingen.ch\/wp-content\/uploads\/2015\/10\/p5310222-150x150.jpg\" class=\"attachment-thumbnail size-thumbnail\" alt=\"\" loading=\"lazy\" aria-describedby=\"gallery-1-352\" \/><\/a>\n\t\t\t<\/div>\n\t\t\t\t<figcaption class='wp-caption-text gallery-caption' id='gallery-1-352'>\n\t\t\t\tOLYMPUS DIGITAL CAMERA\n\t\t\t\t<\/figcaption><\/figure><figure class='gallery-item'>\n\t\t\t<div class='gallery-icon landscape'>\n\t\t\t\t<a href='https:\/\/pc-beggingen.ch\/index.php\/gallerie\/feldschiessen-2014\/olympus-digital-camera-49\/'><img width=\"150\" height=\"150\" src=\"https:\/\/pc-beggingen.ch\/wp-content\/uploads\/2015\/10\/p5310227-150x150.jpg\" class=\"attachment-thumbnail size-thumbnail\" alt=\"\" loading=\"lazy\" aria-describedby=\"gallery-1-353\" \/><\/a>\n\t\t\t<\/div>\n\t\t\t\t<figcaption class='wp-caption-text gallery-caption' id='gallery-1-353'>\n\t\t\t\tOLYMPUS DIGITAL CAMERA\n\t\t\t\t<\/figcaption><\/figure><figure class='gallery-item'>\n\t\t\t<div class='gallery-icon landscape'>\n\t\t\t\t<a href='https:\/\/pc-beggingen.ch\/index.php\/gallerie\/feldschiessen-2014\/olympus-digital-camera-50\/'><img width=\"150\" height=\"150\" src=\"https:\/\/pc-beggingen.ch\/wp-content\/uploads\/2015\/10\/p5310229-150x150.jpg\" class=\"attachment-thumbnail size-thumbnail\" alt=\"\" loading=\"lazy\" aria-describedby=\"gallery-1-354\" \/><\/a>\n\t\t\t<\/div>\n\t\t\t\t<figcaption class='wp-caption-text gallery-caption' id='gallery-1-354'>\n\t\t\t\tOLYMPUS DIGITAL CAMERA\n\t\t\t\t<\/figcaption><\/figure><figure class='gallery-item'>\n\t\t\t<div class='gallery-icon landscape'>\n\t\t\t\t<a href='https:\/\/pc-beggingen.ch\/index.php\/gallerie\/feldschiessen-2014\/olympus-digital-camera-51\/'><img width=\"150\" height=\"150\" src=\"https:\/\/pc-beggingen.ch\/wp-content\/uploads\/2015\/10\/p5310231-150x150.jpg\" class=\"attachment-thumbnail size-thumbnail\" alt=\"\" loading=\"lazy\" aria-describedby=\"gallery-1-355\" \/><\/a>\n\t\t\t<\/div>\n\t\t\t\t<figcaption class='wp-caption-text gallery-caption' id='gallery-1-355'>\n\t\t\t\tOLYMPUS DIGITAL CAMERA\n\t\t\t\t<\/figcaption><\/figure><figure class='gallery-item'>\n\t\t\t<div class='gallery-icon portrait'>\n\t\t\t\t<a href='https:\/\/pc-beggingen.ch\/index.php\/gallerie\/feldschiessen-2014\/olympus-digital-camera-52\/'><img width=\"150\" height=\"150\" src=\"https:\/\/pc-beggingen.ch\/wp-content\/uploads\/2015\/10\/p5310232-150x150.jpg\" class=\"attachment-thumbnail size-thumbnail\" alt=\"\" loading=\"lazy\" aria-describedby=\"gallery-1-356\" \/><\/a>\n\t\t\t<\/div>\n\t\t\t\t<figcaption class='wp-caption-text gallery-caption' id='gallery-1-356'>\n\t\t\t\tOLYMPUS DIGITAL CAMERA\n\t\t\t\t<\/figcaption><\/figure><figure class='gallery-item'>\n\t\t\t<div class='gallery-icon portrait'>\n\t\t\t\t<a href='https:\/\/pc-beggingen.ch\/index.php\/gallerie\/feldschiessen-2014\/olympus-digital-camera-53\/'><img width=\"150\" height=\"150\" src=\"https:\/\/pc-beggingen.ch\/wp-content\/uploads\/2015\/10\/p5310244-150x150.jpg\" class=\"attachment-thumbnail size-thumbnail\" alt=\"\" loading=\"lazy\" aria-describedby=\"gallery-1-357\" \/><\/a>\n\t\t\t<\/div>\n\t\t\t\t<figcaption class='wp-caption-text gallery-caption' id='gallery-1-357'>\n\t\t\t\tOLYMPUS DIGITAL CAMERA\n\t\t\t\t<\/figcaption><\/figure><figure class='gallery-item'>\n\t\t\t<div class='gallery-icon landscape'>\n\t\t\t\t<a href='https:\/\/pc-beggingen.ch\/index.php\/gallerie\/feldschiessen-2014\/olympus-digital-camera-54\/'><img width=\"150\" height=\"150\" src=\"https:\/\/pc-beggingen.ch\/wp-content\/uploads\/2015\/10\/p5310246-150x150.jpg\" class=\"attachment-thumbnail size-thumbnail\" alt=\"\" loading=\"lazy\" aria-describedby=\"gallery-1-358\" \/><\/a>\n\t\t\t<\/div>\n\t\t\t\t<figcaption class='wp-caption-text gallery-caption' id='gallery-1-358'>\n\t\t\t\tOLYMPUS DIGITAL CAMERA\n\t\t\t\t<\/figcaption><\/figure><figure class='gallery-item'>\n\t\t\t<div class='gallery-icon landscape'>\n\t\t\t\t<a href='https:\/\/pc-beggingen.ch\/index.php\/gallerie\/feldschiessen-2014\/olympus-digital-camera-55\/'><img width=\"150\" height=\"150\" src=\"https:\/\/pc-beggingen.ch\/wp-content\/uploads\/2015\/10\/p5310247-150x150.jpg\" class=\"attachment-thumbnail size-thumbnail\" alt=\"\" loading=\"lazy\" aria-describedby=\"gallery-1-359\" \/><\/a>\n\t\t\t<\/div>\n\t\t\t\t<figcaption class='wp-caption-text gallery-caption' id='gallery-1-359'>\n\t\t\t\tOLYMPUS DIGITAL CAMERA\n\t\t\t\t<\/figcaption><\/figure><figure class='gallery-item'>\n\t\t\t<div class='gallery-icon portrait'>\n\t\t\t\t<a href='https:\/\/pc-beggingen.ch\/index.php\/gallerie\/feldschiessen-2014\/olympus-digital-camera-56\/'><img width=\"150\" height=\"150\" src=\"https:\/\/pc-beggingen.ch\/wp-content\/uploads\/2015\/10\/p5310248-150x150.jpg\" class=\"attachment-thumbnail size-thumbnail\" alt=\"\" loading=\"lazy\" aria-describedby=\"gallery-1-360\" \/><\/a>\n\t\t\t<\/div>\n\t\t\t\t<figcaption class='wp-caption-text gallery-caption' id='gallery-1-360'>\n\t\t\t\tOLYMPUS DIGITAL CAMERA\n\t\t\t\t<\/figcaption><\/figure><figure class='gallery-item'>\n\t\t\t<div class='gallery-icon landscape'>\n\t\t\t\t<a href='https:\/\/pc-beggingen.ch\/index.php\/gallerie\/feldschiessen-2014\/olympus-digital-camera-57\/'><img width=\"150\" height=\"150\" src=\"https:\/\/pc-beggingen.ch\/wp-content\/uploads\/2015\/10\/p5310251-150x150.jpg\" class=\"attachment-thumbnail size-thumbnail\" alt=\"\" loading=\"lazy\" aria-describedby=\"gallery-1-361\" \/><\/a>\n\t\t\t<\/div>\n\t\t\t\t<figcaption class='wp-caption-text gallery-caption' id='gallery-1-361'>\n\t\t\t\tOLYMPUS DIGITAL CAMERA\n\t\t\t\t<\/figcaption><\/figure><figure class='gallery-item'>\n\t\t\t<div class='gallery-icon portrait'>\n\t\t\t\t<a href='https:\/\/pc-beggingen.ch\/index.php\/gallerie\/feldschiessen-2014\/olympus-digital-camera-58\/'><img width=\"150\" height=\"150\" src=\"https:\/\/pc-beggingen.ch\/wp-content\/uploads\/2015\/10\/p5310254-150x150.jpg\" class=\"attachment-thumbnail size-thumbnail\" alt=\"\" loading=\"lazy\" aria-describedby=\"gallery-1-362\" \/><\/a>\n\t\t\t<\/div>\n\t\t\t\t<figcaption class='wp-caption-text gallery-caption' id='gallery-1-362'>\n\t\t\t\tOLYMPUS DIGITAL CAMERA\n\t\t\t\t<\/figcaption><\/figure><figure class='gallery-item'>\n\t\t\t<div class='gallery-icon landscape'>\n\t\t\t\t<a href='https:\/\/pc-beggingen.ch\/index.php\/gallerie\/feldschiessen-2014\/olympus-digital-camera-59\/'><img width=\"150\" height=\"150\" src=\"https:\/\/pc-beggingen.ch\/wp-content\/uploads\/2015\/10\/p5310255-150x150.jpg\" class=\"attachment-thumbnail size-thumbnail\" alt=\"\" loading=\"lazy\" aria-describedby=\"gallery-1-363\" \/><\/a>\n\t\t\t<\/div>\n\t\t\t\t<figcaption class='wp-caption-text gallery-caption' id='gallery-1-363'>\n\t\t\t\tOLYMPUS DIGITAL CAMERA\n\t\t\t\t<\/figcaption><\/figure><figure class='gallery-item'>\n\t\t\t<div class='gallery-icon landscape'>\n\t\t\t\t<a href='https:\/\/pc-beggingen.ch\/index.php\/gallerie\/feldschiessen-2014\/olympus-digital-camera-60\/'><img width=\"150\" height=\"150\" src=\"https:\/\/pc-beggingen.ch\/wp-content\/uploads\/2015\/10\/p5310257-150x150.jpg\" class=\"attachment-thumbnail size-thumbnail\" alt=\"\" loading=\"lazy\" aria-describedby=\"gallery-1-364\" \/><\/a>\n\t\t\t<\/div>\n\t\t\t\t<figcaption class='wp-caption-text gallery-caption' id='gallery-1-364'>\n\t\t\t\tOLYMPUS DIGITAL CAMERA\n\t\t\t\t<\/figcaption><\/figure><figure class='gallery-item'>\n\t\t\t<div class='gallery-icon landscape'>\n\t\t\t\t<a href='https:\/\/pc-beggingen.ch\/index.php\/gallerie\/feldschiessen-2014\/olympus-digital-camera-61\/'><img width=\"150\" height=\"150\" src=\"https:\/\/pc-beggingen.ch\/wp-content\/uploads\/2015\/10\/p5310260-150x150.jpg\" class=\"attachment-thumbnail size-thumbnail\" alt=\"\" loading=\"lazy\" aria-describedby=\"gallery-1-365\" \/><\/a>\n\t\t\t<\/div>\n\t\t\t\t<figcaption class='wp-caption-text gallery-caption' id='gallery-1-365'>\n\t\t\t\tOLYMPUS DIGITAL CAMERA\n\t\t\t\t<\/figcaption><\/figure><figure class='gallery-item'>\n\t\t\t<div class='gallery-icon landscape'>\n\t\t\t\t<a href='https:\/\/pc-beggingen.ch\/index.php\/gallerie\/feldschiessen-2014\/olympus-digital-camera-62\/'><img width=\"150\" height=\"150\" src=\"https:\/\/pc-beggingen.ch\/wp-content\/uploads\/2015\/10\/p5310264-150x150.jpg\" class=\"attachment-thumbnail size-thumbnail\" alt=\"\" loading=\"lazy\" aria-describedby=\"gallery-1-366\" \/><\/a>\n\t\t\t<\/div>\n\t\t\t\t<figcaption class='wp-caption-text gallery-caption' id='gallery-1-366'>\n\t\t\t\tOLYMPUS DIGITAL CAMERA\n\t\t\t\t<\/figcaption><\/figure><figure class='gallery-item'>\n\t\t\t<div class='gallery-icon landscape'>\n\t\t\t\t<a href='https:\/\/pc-beggingen.ch\/index.php\/gallerie\/feldschiessen-2014\/olympus-digital-camera-63\/'><img width=\"150\" height=\"150\" src=\"https:\/\/pc-beggingen.ch\/wp-content\/uploads\/2015\/10\/p5310266-150x150.jpg\" class=\"attachment-thumbnail size-thumbnail\" alt=\"\" loading=\"lazy\" aria-describedby=\"gallery-1-367\" \/><\/a>\n\t\t\t<\/div>\n\t\t\t\t<figcaption class='wp-caption-text gallery-caption' id='gallery-1-367'>\n\t\t\t\tOLYMPUS DIGITAL CAMERA\n\t\t\t\t<\/figcaption><\/figure><figure class='gallery-item'>\n\t\t\t<div class='gallery-icon landscape'>\n\t\t\t\t<a href='https:\/\/pc-beggingen.ch\/index.php\/gallerie\/feldschiessen-2014\/olympus-digital-camera-64\/'><img width=\"150\" height=\"150\" src=\"https:\/\/pc-beggingen.ch\/wp-content\/uploads\/2015\/10\/p5310268-150x150.jpg\" class=\"attachment-thumbnail size-thumbnail\" alt=\"\" loading=\"lazy\" aria-describedby=\"gallery-1-368\" \/><\/a>\n\t\t\t<\/div>\n\t\t\t\t<figcaption class='wp-caption-text gallery-caption' id='gallery-1-368'>\n\t\t\t\tOLYMPUS DIGITAL CAMERA\n\t\t\t\t<\/figcaption><\/figure><figure class='gallery-item'>\n\t\t\t<div class='gallery-icon landscape'>\n\t\t\t\t<a href='https:\/\/pc-beggingen.ch\/index.php\/gallerie\/feldschiessen-2014\/olympus-digital-camera-65\/'><img width=\"150\" height=\"150\" src=\"https:\/\/pc-beggingen.ch\/wp-content\/uploads\/2015\/10\/p5310269-150x150.jpg\" class=\"attachment-thumbnail size-thumbnail\" alt=\"\" loading=\"lazy\" aria-describedby=\"gallery-1-369\" \/><\/a>\n\t\t\t<\/div>\n\t\t\t\t<figcaption class='wp-caption-text gallery-caption' id='gallery-1-369'>\n\t\t\t\tOLYMPUS DIGITAL CAMERA\n\t\t\t\t<\/figcaption><\/figure><figure class='gallery-item'>\n\t\t\t<div class='gallery-icon landscape'>\n\t\t\t\t<a href='https:\/\/pc-beggingen.ch\/index.php\/gallerie\/feldschiessen-2014\/olympus-digital-camera-66\/'><img width=\"150\" height=\"150\" src=\"https:\/\/pc-beggingen.ch\/wp-content\/uploads\/2015\/10\/p5310271-150x150.jpg\" class=\"attachment-thumbnail size-thumbnail\" alt=\"\" loading=\"lazy\" aria-describedby=\"gallery-1-370\" \/><\/a>\n\t\t\t<\/div>\n\t\t\t\t<figcaption class='wp-caption-text gallery-caption' id='gallery-1-370'>\n\t\t\t\tOLYMPUS DIGITAL CAMERA\n\t\t\t\t<\/figcaption><\/figure><figure class='gallery-item'>\n\t\t\t<div class='gallery-icon landscape'>\n\t\t\t\t<a href='https:\/\/pc-beggingen.ch\/index.php\/gallerie\/feldschiessen-2014\/olympus-digital-camera-67\/'><img width=\"150\" height=\"150\" src=\"https:\/\/pc-beggingen.ch\/wp-content\/uploads\/2015\/10\/p5310274-150x150.jpg\" class=\"attachment-thumbnail size-thumbnail\" alt=\"\" loading=\"lazy\" aria-describedby=\"gallery-1-371\" \/><\/a>\n\t\t\t<\/div>\n\t\t\t\t<figcaption class='wp-caption-text gallery-caption' id='gallery-1-371'>\n\t\t\t\tOLYMPUS DIGITAL CAMERA\n\t\t\t\t<\/figcaption><\/figure><figure class='gallery-item'>\n\t\t\t<div class='gallery-icon landscape'>\n\t\t\t\t<a href='https:\/\/pc-beggingen.ch\/index.php\/gallerie\/feldschiessen-2014\/olympus-digital-camera-68\/'><img width=\"150\" height=\"150\" src=\"https:\/\/pc-beggingen.ch\/wp-content\/uploads\/2015\/10\/p5310275-150x150.jpg\" class=\"attachment-thumbnail size-thumbnail\" alt=\"\" loading=\"lazy\" aria-describedby=\"gallery-1-372\" \/><\/a>\n\t\t\t<\/div>\n\t\t\t\t<figcaption class='wp-caption-text gallery-caption' id='gallery-1-372'>\n\t\t\t\tOLYMPUS DIGITAL CAMERA\n\t\t\t\t<\/figcaption><\/figure>\n\t\t<\/div>\n\n","protected":false},"excerpt":{"rendered":"<p>Nach der sportlichen Bet\u00e4tigung l\u00e4dt das pr\u00e4chtige Wetter zum ausgiebigen Verweilen ein.<\/p>\n","protected":false},"author":5,"featured_media":0,"parent":56,"menu_order":8,"comment_status":"closed","ping_status":"closed","template":"","meta":[],"_links":{"self":[{"href":"https:\/\/pc-beggingen.ch\/index.php\/wp-json\/wp\/v2\/pages\/329"}],"collection":[{"href":"https:\/\/pc-beggingen.ch\/index.php\/wp-json\/wp\/v2\/pages"}],"about":[{"href":"https:\/\/pc-beggingen.ch\/index.php\/wp-json\/wp\/v2\/types\/page"}],"author":[{"embeddable":true,"href":"https:\/\/pc-beggingen.ch\/index.php\/wp-json\/wp\/v2\/users\/5"}],"replies":[{"embeddable":true,"href":"https:\/\/pc-beggingen.ch\/index.php\/wp-json\/wp\/v2\/comments?post=329"}],"version-history":[{"count":4,"href":"https:\/\/pc-beggingen.ch\/index.php\/wp-json\/wp\/v2\/pages\/329\/revisions"}],"predecessor-version":[{"id":563,"href":"https:\/\/pc-beggingen.ch\/index.php\/wp-json\/wp\/v2\/pages\/329\/revisions\/563"}],"up":[{"embeddable":true,"href":"https:\/\/pc-beggingen.ch\/index.php\/wp-json\/wp\/v2\/pages\/56"}],"wp:attachment":[{"href":"https:\/\/pc-beggingen.ch\/index.php\/wp-json\/wp\/v2\/media?parent=329"}],"curies":[{"name":"wp","href":"https:\/\/api.w.org\/{rel}","templated":true}]}}